5 - 463?
-74178
In base 5, what is -30304422 + 1011?
-30303411
In base 8, what is 2720070 - 61?
2720007
In base 2, what is -111011110 + -100001000001101?
-100001111101011
In base 10, what is 7776214 - -15?
7776229
In base 3, what is 100011000101020 - 0?
100011000101020
In base 5, what is 131434143 - 1111?
131433032
In base 7, what is 603062362 + 3?
603062365
In base 14, what is 5 + -11958c85?
-11958c80
In base 7, what is -22525 - -1100?
-21425
In base 13, what is a93b0 - 269?
a9144
In base 11, what is -141a6525 - -2?
-141a6523
In base 3, what is 12010100001110221 + 1?
12010100001110222
In base 16, what is -4 - 111c53?
-111c57
In base 14, what is -4d8 - 1cba?
-23b4
In base 15, what is -9 - 1293ca2?
-1293cab
In base 9, what is -105043724 + 0?
-105043724
In base 4, what is 2210 - 13030123213?
-13030121003
In base 4, what is -11120222300222 + 2?
-11120222300220
In base 13, what is 1 - -2a4592?
2a4593
In base 9, what is -20453 + 7085?
-12357
In base 3, what is 200 + -1002120001100111?
-1002120001022211
In base 4, what is 3203 - -3302000?
3311203
In base 4, what is 31210002122 + -13?
31210002103
In base 7, what is 2222315555 - -2?
2222315560
In base 16, what is -4e - -da6b?
da1d
In base 13, what is 15 - 311339?
-311324
In base 9, what is 11438 + 150?
11588
In base 7, what is -2300423 + 154?
-2300236
In base 6, what is 231405 + -25153?
202212
In base 9, what is 33177188 - 63?
33177125
In base 6, what is -1552303 + -1245?
-1553552
In base 2, what is -10 + -100000111100001111010001?
-100000111100001111010011
In base 3, what is 0 - 201121010120120?
-201121010120120
In base 15, what is -232bd58 + -7?
-232bd60
In base 6, what is -22422 - -120122?
53300
In base 9, what is 1 - -2727873?
2727874
In base 9, what is -7531 + 11433?
2802
In base 6, what is -122 - -11235?
11113
In base 3, what is -12 + 1020101111102222?
1020101111102210
In base 5, what is 43 - -230333301?
230333344
In base 7, what is 14313323360 + -3?
14313323354
In base 8, what is -42270 + 722?
-41346
In base 6, what is 2223502041 + -2?
2223502035
In base 13, what is 4ca3 + -380?
4923
In base 4, what is 1 + 11021123231?
11021123232
In base 6, what is 221053200 - -14?
221053214
In base 15, what is 7339c - 28?
73374
In base 9, what is -5 + 4861482?
4861476
In base 7, what is 4416616 + 325?
4420244
In base 8, what is -2 + -360147420?
-360147422
In base 11, what is -2 + -1a85a73?
-1a85a75
In base 14, what is -953 - -40a1?
354c
In base 14, what is -876 - -68a8?
6032
In base 3, what is -10211 - -212201111?
212120200
In base 10, what is 0 - -73465922?
73465922
In base 15, what is 3bc824 - 62?
3bc7b2
In base 3, what is -12 - -11112211201110?
11112211201021
In base 12, what is -4 + -a269705?
-a269709
In base 8, what is 211276 - 1472?
207604
In base 7, what is -133002524 + 154?
-133002340
In base 12, what is 403673 + 316?
403989
In base 2, what is 110 - 1000011010010000001101000?
-1000011010010000001100010
In base 16, what is -44 - -111425?
1113e1
In base 2, what is -1001010101010010 - 10000101101?
-1001100101111111
In base 15, what is 2595c7 + 39?
259611
In base 6, what is -50112334 + 10?
-50112324
In base 9, what is 241760 + 6?
241766
In base 14, what is 185d - 1009c?
-c63d
In base 16, what is -22 + 6e1e6?
6e1c4
In base 10, what is -1 + -698984?
-698985
In base 12, what is b04a - -15a?
b1a8
In base 3, what is 1111021002 - -12001?
1111110010
In base 11, what is 4270 + 140?
4400
In base 8, what is 22 + 3056601?
3056623
In base 14, what is 365 - -4c7c6?
4cb4b
In base 8, what is 4 + 515454772?
515454776
In base 13, what is 52ca1 + c1?
53092
In base 12, what is -410975 + -417?
-411190
In base 3, what is -121202222221 - -1202202?
-121201020012
In base 3, what is 1111 - 1010010010012?
-1010010001201
In base 15, what is -8010 - ce7?
-8d07
In base 16, what is d39 + -63d?
6fc
In base 5, what is -2102344103 - -110?
-2102343443
In base 10, what is 11569950 - -15?
11569965
In base 5, what is 1121212023 + -10?
1121212013
In base 9, what is 2816024 - 6?
2816017
In base 11, what is 1534 + 6325a?
64793
In base 14, what is -17b7dc28 - -2?
-17b7dc26
In base 14, what is -2a3 - 31698?
-3195b
In base 6, what is -4044 - -342?
-3302
In base 11, what is 4 - -5848274?
5848278
In base 12, what is 580 + -114b50?
-114590
In base 7, what is 103 - 256246462?
-256246356
In base 4, what is -31 - 10230201001?
-10230201032
In base 5, what is 1300222 - -321?
1301043
In base 13, what is 1619b8a + 4?
1619b91
In base 5, what is -12432112303 + 11?
-12432112242
In base 15, what is -147 + -12e80c?
-12e954
In base 11, what is 28374aa8 + 5?
28375002
In base 10, what is -11157 - 189?
-11346
In base 11, what is 13 - -12113?
12126
In base 7, what is -665 + -116455?
-120453
In base 3, what is -20101000122021122 - 0?
-20101000122021122
In base 3, what is 2 + 202000020202211?
202000020202220
In base 7, what is -6465 - -14142?
4344
In base 9, what is 36 + -1462041?
-1462004
In base 13, what is -39 - 338496?
-338502
In base 7, what is 62 + 61033?
61125
In base 15, what is -371 + -56002?
-56373
In base 7, what is -66053433 + 2?
-66053431
In base 12, what is -9b588a - -24?
-9b5866
In base 12, what is 5 + -9649b9?
-9649b4
In base 13, what is a0a - 5792?
-4a85
In base 11, what is -4 - -5951162?
5951159
In base 7, what is 233514555 + -3?
233514552
In base 4, what is -3 - 30002332302110?
-30002332302113
In base 7, what is -13531442403 + -3?
-13531442406
In base 6, what is -3214 + 533340?
530122
In base 5, what is 344144013 + -124?
344143334
In base 3, what is -21101202220200 + 21?
-21101202220102
In base 12, what is 1b5b27277 - -4?
1b5b2727b
In base 7, what is 34 - -241205266?
241205333
In base 15, what is -3ae5e5 - -3?
-3ae5e2
In base 13, what is -2 - -49b193?
49b191
In base 5, what is -1200334422 - 0?
-1200334422
In base 11, what is -1299400 - 0?
-1299400
In base 15, what is -2862356e + 2?
-2862356c
In base 16, what is 1b0 - bf3b?
-bd8b
In base 16, what is 315f1 - ca?
31527
In base 11, what is 161 + 47660?
47811
In base 13, what is -59703 - -b50?
-58883
In base 9, what is -1444 - -54444?
53000
In base 14, what is -357db + a?
-357d1
In base 6, what is -322 + -22224134?
-22224500
In base 8, what is 5 + -673076331?
-673076324
In base 15, what is d3e95 - 37?
d3e5d
In base 7, what is 204342 + 16466?
224141
In base 10, what is -209840 - -6477?
-203363
In base 7, what is -21524450 + -4?
-21524454
In base 4, what is -332 + 11111103032?
11111102100
In base 15, what is 10 + aa78c?
aa79c
In base 6, what is -2040030 + -3534?
-2044004
In base 3, what is -11 + -12221100002220212?
-12221100002221000
In base 2, what is 10 + 11110101011010001101?
11110101011010001111
In base 15, what is -24718 - -5?
-24713
In base 15, what is 0 - d7e2228?
-d7e2228
In base 7, what is 233125 + -6261?
223534
In base 7, what is 102125232 - -3?
102125235
In base 2, what is 11011101011101010101 + 1010011?
11011101011110101000
In base 16, what is -107bd021 - 8?
-107bd029
In base 12, what is -15b37b7 + -3?
-15b37ba
In base 10, what is 22623607 - -23?
22623630
In base 16, what is 5 - -92172b8?
92172bd
In base 6, what is -41011 + -1033345?
-1114400
In base 12, what is 11a9592 - 19?
11a9575
In base 16, what is -d + 10db4ba?
10db4ad
In base 8, what is 55300 + 262?
55562
In base 2, what is 101 + -1101010010010001101101?
-1101010010010001101000
In base 4, what is -111131223 - -30130?
-111101033
In base 2, what is -110010 + 100010110101101100000011?
100010110101101011010001
In base 2, what is 1011001000111000110100001 - 10111?
1011001000111000110001010
In base 5, what is -1211 - 2001230441?
-2001232202
In base 5, what is -24300 - 22311?
-102111
In base 12, what is -156943 + -14?
-156957
In base 12, what is 630 + -6123?
-56b3
In base 14, what is -1 + 54a0d2?
54a0d1
In base 3, what is 2121210212000 + 221?
2121210212221
In base 3, what is -1011020212120021011 + -12?
-1011020212120021100
In base 8, what is 24 + 650004?
650030
In base 3, what is 120101 + -1001102022?
-1000211221
In base 15, what is 9 + -6c8a81?
-6c8a77
In base 14, what is -7 + -5441a1?
-5441a8
In base 12, what is -54672 - -47?
-54627
In base 16, what is -90 + -1ac848?
-1ac8d8
In base 13, what is -338300a + -3?
-3383010
In base 14, what is 4945b - 6c2?
48b79
In base 4, what is 2023002031 + -1101?
2023000330
In base 4, what is -1011201110 + 